et x(g) = 40*g**3 + 4*g**2 - 676*g + 1345. Calculate x(2).
329
Let p(x) = -226*x**3 + 4*x**2 - 4. Calculate p(-1).
226
Let z(v) = -v**3 - 25*v**2 - 89*v - 88. Give z(-18).
-754
Let u(s) = 5363*s - 203772. Calculate u(38).
22
Let s(n) = -218*n**2 - 23983*n - 283. Determine s(-110).
47
Let v(z) = -30*z**2 + 3499*z + 112. Give v(117).
-1175
Let o(j) = 1160*j + 23193. Calculate o(-20).
-7
Let l(n) = 4966582*n + 8. Give l(0).
8
Let c(m) = -764*m**2 + 2461*m - 19. Determine c(3).
488
Let x(c) = -4*c**2 - 1055*c + 2111. Determine x(2).
-15
Let n(o) = o**3 + 104*o**2 - 651*o - 127. What is n(-110)?
-1117
Let b(s) = -s**2 + 66744*s + 266992. Calculate b(-4).
0
Let v(r) = -2*r**3 - 251*r**2 - 1989*r - 15. What is v(-117)?
-15
Let d(p) = 7*p**3 - 246*p**2 + 2020*p + 84. What is d(22)?
-4
Let q(f) = -226183*f + 678553. What is q(3)?
4
Let z(j) = -3*j**3 - 271*j**2 - 14*j + 6895. Give z(-90).
55
Let o(p) = 2*p**2 - 30*p - 278. Give o(-24).
1594
Let s(x) = 3*x**3 - 212*x**2 - 1606*x + 183. Calculate s(-7).
8
Let o(u) = -900*u - 330297. What is o(-367)?
3
Let x(z) = 30*z**2 + 835*z - 166. Determine x(-28).
-26
Let x(f) = -2*f**2 - 8*f + 887. What is x(42)?
-2977
Let x(q) = -565*q + 161967. Give x(287).
-188
Let p(t) = -2*t**3 - 130*t**2 + 1055*t + 3393. Calculate p(-72).
9
Let m(s) = -484*s**2 + 16957*s - 25. Calculate m(35).
570
Let s(f) = 17*f**2 - 813*f + 2771. Calculate s(44).
-89
Let z(d) = -41*d**3 + 4*d**2 + 129*d - 267. Give z(2).
-321
Let u(q) = 3*q**2 + 55*q + 224. Give u(-6).
2
Let m(a) = -56*a**2 - 336*a - 1374. Give m(-4).
-926
Let v(r) = -r**3 - 9*r**2 - 248. Give v(-11).
-6
Let s(c) = -c**2 - 1067*c + 192174. Give s(157).
6
Let t(r) = 1866*r - 59708. What is t(32)?
4
Let u(f) = -3*f**3 - 42*f**2 - 24*f - 143. What is u(-16)?
1777
Let s(h) = 6*h**2 + 32039*h + 128097. Give s(-4).
37
Let n(d) = -d**2 + 226*d - 12921. What is n(109)?
-168
Let a(v) = -4925*v - 49288. What is a(-10)?
-38
Let i(q) = -13*q**2 + 264*q + 724. What is i(23)?
-81
Let c(l) = -l**2 + 388*l - 35267. Give c(145).
-32
Let b(h) = -h**3 + 22*h**2 - 72*h + 8. What is b(4)?
8
Let v(q) = 3*q**3 - 8*q**2 - 116*q + 408. Determine v(4).
8
Let y(x) = -x**3 + 6*x**2 - 1998. Determine y(0).
-1998
Let g(f) = 19235*f + 39021. Give g(-2).
551
Let a(m) = -17*m**2 + 82*m + 91. What is a(7)?
-168
Let x(s) = 506*s**3 - 32*s**2 + 26*s + 8. Determine x(1).
508
Let u(j) = 10*j**3 - 466*j**2 - 8787*j + 37. What is u(61)?
-146
Let b(v) = v**3 + 381*v**2 + 10527*v - 1024. Give b(-351).
29
Let f(u) = 2*u**3 - 38*u**2 + 8*u - 17. Calculate f(17).
-1037
Let q(v) = -v**3 + 19*v**2 - 101*v + 1523. What is q(21)?
-1480
Let c(w) = -12*w**3 + 32*w**2 - 33*w - 75. Determine c(-2).
215
Let h(d) = 89*d**2 - 636*d + 604. Give h(6).
-8
Let m(d) = d**3 + 5*d**2 + 768*d + 3855. What is m(-5)?
15
Let b(d) = -3*d**2 + 2030*d + 56944. Give b(-27).
-53
Let l(t) = -3*t**3 + 4*t**2 + 541*t + 546. Determine l(-1).
12
Let w(j) = -9*j**3 + 571*j**2 + 345*j - 1037. Determine w(64).
563
Let p(n) = -14219*n**2 - 156389*n + 217. Calculate p(-11).
-3
Let f(w) = -2196*w**2 + 35136*w - 10. Calculate f(16).
-10
Let b(y) = -y**2 - 502*y + 21646. Give b(40).
-34
Let l(k) = 2*k**2 - 197*k + 3297. Give l(76).
-123
Let u(x) = -x**3 - 27*x**2 - 28*x + 185. Calculate u(-5).
-225
Let q(i) = -2*i**2 + 263*i - 4554. Give q(20).
-94
Let m(s) = -5*s**2 + 114*s - 220. Calculate m(17).
273
Let h(z) = -53*z**2 - 647*z - 1928. Determine h(-5).
-18
Let a(f) = 176298*f - 10577884. Calculate a(60).
-4
Let j(i) = 6464*i - 109862. Calculate j(17).
26
Let d(y) = -y**2 + 877*y + 37451. Give d(-41).
-187
Let q(m) = -19*m**2 - 675*m - 5141. Give q(-11).
-15
Let w(o) = -11698*o + 117925. Give w(10).
945
Let r(a) = -144*a + 9039. Give r(65).
-321
Let t(h) = 7*h**3 - 136*h**2 + 120*h + 4. What is t(1)?
-5
Let t(q) = 3*q**2 - 3915*q + 11711. Calculate t(3).
-7
Let k(x) = x**3 + 39*x**2 + 1350*x + 52592. Calculate k(-39).
-58
Let w(f) = 6928*f - 256328. Determine w(37).
8
Let q(i) = -60*i**3 - 6965*i**2 - 581*i - 78. What is q(-116)?
38
Let m(a) = 761*a - 75815. Determine m(99).
-476
Let m(w) = -2*w**3 + 165*w**2 - 1047*w - 67. Calculate m(7).
3
Let w(h) = -5172*h - 268921. Determine w(-52).
23
Let k(p) = -998*p - 118768. What is k(-119)?
-6
Let a(s) = s**3 - 21*s**2 - 7*s + 461. Give a(20).
-79
Let w(i) = -965145*i - 13512025. Determine w(-14).
5
Let m(r) = -7717*r + 550. Calculate m(0).
550
Let g(u) = -1365*u - 212918. Give g(-156).
22
Let v(y) = 5248*y - 650675. Give v(124).
77
Let w(a) = -19*a**3 + 779*a**2 - 10*a + 362. Calculate w(41).
-48
Let m(n) = 434*n - 3872. Give m(11).
902
Let f(m) = m**2 + 237*m + 8793. Calculate f(-64).
-2279
Let g(u) = 2*u**3 - 33*u**2 + 37*u + 679. What is g(7)?
7
Let q(u) = -2*u**2 - 829*u - 60405. Determine q(-320).
75
Let d(q) = -1042*q - 6310. Calculate d(-6).
-58
Let g(q) = -7*q**2 + 69*q + 1297. What is g(-10)?
-93
Let c(f) = f**3 - 26*f**2 - 267*f + 343. Give c(-9).
-89
Let m(x) = x**2 + 7347*x - 8731901. Determine m(1041).
7
Let p(u) = u**3 + 17*u**2 - 49*u - 821. What is p(-10)?
369
Let u(n) = -351*n - 1556. What is u(-5)?
199
Let b(y) = y**2 + 76*y - 2764. Calculate b(-102).
-112
Let k(p) = 479*p - 312298. Give k(652).
10
Let h(r) = -2580*r - 136654. Calculate h(-53).
86
Let h(s) = -9*s**2 + 67*s + 8930. Determine h(-28).
-2
Let m(c) = -14*c + 590. Determine m(2).
562
Let p(v) = 14188*v - 113499. Determine p(8).
5
Let r(v) = 4*v**3 - 18*v**2 - 7287*v + 21856. Determine r(3).
-59
Let c(i) = 3*i**2 + 142*i + 397. Determine c(-34).
-963
Let s(y) = 5507*y + 154201. What is s(-28)?
5
Let u(y) = y**3 + y**2 + 14*y - 95. Determine u(-6).
-359
Let n(q) = -22*q**2 - 12*q - 209. Give n(0).
-209
Let k(b) = 36*b**2 + 5905*b + 269. Determine k(-164).
105
Let v(g) = 205*g - 141480. What is v(690)?
-30
Let v(f) = 403*f - 14021. What is v(37)?
890
Let z(w) = 117*w**2 + 16*w - 266. Calculate z(6).
4042
Let d(s) = -237*s - 2450. Determine d(-7).
-791
Let z(k) = 9*k**3 + 88*k**2 + 87*k + 97. Calculate z(-9).
-119
Let k(z) = z**3 + 67*z**2 + 25*z - 27. Calculate k(-67).
-1702
Let r(a) = 31*a**2 + 1272*a + 11. Calculate r(-41).
-30
Let w(p) = -21373*p + 128221. What is w(6)?
-17
Let h(v) = -7*v**2 - 23668*v + 71021. Determine h(3).
-46
Let p(i) = -8315*i + 1421824. Give p(171).
-41
Let j(o) = -6*o**2 + 38*o + 714. Calculate j(15).
-66
Let l(v) = 2*v**3 + 950*v**2 - 4816*v - 7655. Determine l(-480).
25
Let q(i) = -i**2 + 354*i + 11600. Determine q(-31).
-335
Let w(b) = -4*b**3 - 409*b**2 + 181*b + 28883. Give w(-102).
17
Let u(t) = -t**3 - 115*t**2 + 252*t + 2100. Calculate u(-117).
-6
Let d(b) = -25775*b + 128856. Calculate d(5).
-19
Let s(n) = 7*n**2 - 519*n - 111. Give s(73).
-695
Let v(i) = i**3 - 23*i**2 - 39*i + 2301. What is v(17)?
-96
Let z(v) = 99*v**3 + 4666*v**2 + 781*v + 7989. Determine z(-47).
-1
Let y(d) = -527*d - 2295. Determine y(-5).
340
Let b(s) = -5*s**2 + 1585*s + 15996. Determine b(-10).
-354
Let d(l) = -1059*l - 174413. Determine d(-165).
322
Let x(k) = -525*k + 1867. What is x(12)?
-4433
Let j(l) = -19125*l + 860633. Determine j(45).
8
Let v(f) = f**3 - 64*f**2 + 538*f - 34. Give v(10).
-54
Let k(x) = x**2 - 633*x - 9727. Determine k(-15).
-7
Let r(i) = -17*i**2 + 534*i + 11836. What is r(-15)?
1
Let h(f) = -181*f**2 - 3810*f - 181. Give h(-21).
8
Let x(h) = 743*h**2 - 298*h - 299. Determine x(-1).
742
Let g(d) = -13*d**2 + 19*d + 700. Calculate g(-5).
280
Let c(p) = -3619*p + 183921. What is c(51)?
-648
Let g(j) = -j**3 + 554*j**2 + 7358*j - 148. Determine g(-13).
21
Let u(b) = -474*b**2 + 9506*b + 24. What is u(20)?
544
Let w(k) = -370*k - 144991. Determine w(-388).
-1431
Let d(f) = -f**2 - 262*f - 13805. What is d(-186)?
331
Let x(g) = 885*g + 9782. Determine x(-11).
47
Let o(m) = 4*m**3 + 282*m**2 + 142*m - 55. Calculate o(-70).
-195
Let z(p) = 96*p - 16162. Determine z(207).
3710
Let q(a) = a**3 - 71*a**2 + 129*a - 6980. Give q(71).
2179
Let j(f) = 14*f - 378. What is j(-15)?
-588
Let h(x) = 2*x**2 + 4739*x + 2366031. Calculate h(-715).
96
Let s(m) = m**2 + 343*m + 8205. Give s(-26).
-37
Let u(g) = -6*g**3 - 44*g**2 + 42*g + 219. Give u(-8).
139
Let c(t) = 30*t**2 - 58*t + 159. What is c(3)?
255
Let b(y) = 28*y**3 - 15*y**2 + 49*y - 46. What is b(3)?
722
Let s(k) = 69520*k**2 - 556164*k + 26. What is s(8)